{"id":15,"date":"2016-01-11T12:45:49","date_gmt":"2016-01-11T12:45:49","guid":{"rendered":"http:\/\/zahnarzt-pfleger.de\/wp-zahnarzt\/?page_id=15"},"modified":"2025-07-21T17:34:20","modified_gmt":"2025-07-21T15:34:20","slug":"praxis","status":"publish","type":"page","link":"https:\/\/www.zahnarzt-pfleger.de\/wp-zahnarzt\/wp2026\/praxis\/","title":{"rendered":"Praxis"},"content":{"rendered":"<p>[vc_row][vc_column][trx_columns equal=&#8220;yes&#8220; margins=&#8220;&#8220;][trx_column_item][vc_empty_space height=&#8220;50px&#8220;][vc_single_image image=&#8220;2512&#8243; img_size=&#8220;full&#8220; style=&#8220;vc_box_rounded&#8220;][vc_empty_space height=&#8220;35px&#8220;][\/trx_column_item][trx_column_item][trx_title type=&#8220;3&#8243; top=&#8220;null&#8220; bottom=&#8220;null&#8220;]<\/p>\n<p style=\"text-align: left;\">Willkommen in unserer Zahnarztpraxis in Hirschaid \/ Sassanfahrt<\/p>\n<p>[\/trx_title][vc_column_text]Zahnarzt\u00a0Dr. med. dent. Steffen Pfleger und\u00a0Zahn\u00e4rztin Babette Frenzel sowie das freundliche Praxisteam freuen sich auf Ihren Besuch.<\/p>\n<p>Moderne Behandlungsmethoden und Techniken wie die digitale Abformung mittels 3D-Scan optimieren unsere Arbeit in Praxis und zahntechnischem Labor und f\u00fchren zu Ergebnissen mit h\u00f6chster Pr\u00e4zision f\u00fcr gesunde Z\u00e4hne.<\/p>\n<p>Schaffen Sie sich hier einen <a href=\"#rundgang\"><strong>Einblick<\/strong><\/a> in unsere Zahnarztpraxis und lesen Sie zudem<a href=\"#bewertungen\"><strong> echte Bewertungen<\/strong><\/a> unserer Patienten.<\/p>\n<p>\u00dcbrigens: <span style=\"color: #e9630d;\"><strong>Parken<\/strong> <\/span>k\u00f6nnen Sie bei uns direkt vor der T\u00fcr![\/vc_column_text][vc_empty_space height=&#8220;50px&#8220;][\/trx_column_item][\/trx_columns][\/vc_column][\/vc_row][vc_row full_width=&#8220;stretch_row_content_no_spaces&#8220;][vc_column][trx_call_to_action style=&#8220;1&#8243; accent=&#8220;yes&#8220; title=&#8220;Zahnmedizin in angenehmer Atmosph\u00e4re!&#8220; description=&#8220;Terminvereinbarung: Tel. 0 95 43 &#8211; 36 66&#8243;][\/trx_call_to_action][\/vc_column][\/vc_row][vc_row][vc_column][trx_anchor id=&#8220;rundgang&#8220;][trx_title type=&#8220;3&#8243; top=&#8220;small&#8220; bottom=&#8220;tiny&#8220;]<\/p>\n<p style=\"text-align: center;\">Sehen Sie sich hier in unserer Praxis um<\/p>\n<p>[\/trx_title][vc_gallery type=&#8220;image_grid&#8220; images=&#8220;1961,2520,1962,1970,1966,2519,1971,1973,1976,1975,2516,2524,2518,2598&#8243; img_size=&#8220;285&#215;285&#8243; css=&#8220;&#8220;][trx_anchor id=&#8220;bewertungen&#8220;][vc_empty_space height=&#8220;35px&#8220;][\/vc_column][\/vc_row][vc_row][vc_column][trx_testimonials style=&#8220;testimonials-3&#8243; controls=&#8220;side&#8220; interval=&#8220;7500&#8243; title=&#8220;Zufriedene Patienten sind unser Markenzeichen&#8220; description=&#8220;Auswahl von Jameda.de Bewertungen:&#8220; cat=&#8220;0&#8243; count=&#8220;5&#8243; orderby=&#8220;title&#8220; top=&#8220;medium&#8220; bottom=&#8220;medium&#8220;][\/trx_testimonials][\/vc_column][\/vc_row][vc_row][vc_column][vc_column_text]<\/p>\n<h4 style=\"text-align: center;\"><strong><a href=\"https:\/\/www.jameda.de\/steffen-pfleger\/zahnarzt\/hirschaid#bewertungen&amp;tab=profile-reviews\" target=\"_blank\" rel=\"noopener noreferrer\">\u00bb Hier alle<\/a><\/strong><a href=\"https:\/\/www.jameda.de\/steffen-pfleger\/zahnarzt\/hirschaid#bewertungen&amp;tab=profile-reviews\" target=\"_blank\" rel=\"noopener noreferrer\"> aktuel<\/a><a href=\"https:\/\/www.jameda.de\/steffen-pfleger\/zahnarzt\/hirschaid#bewertungen&amp;tab=profile-reviews\" target=\"_blank\" rel=\"noopener noreferrer\">len<\/a><strong><a href=\"https:\/\/www.jameda.de\/steffen-pfleger\/zahnarzt\/hirschaid#bewertungen&amp;tab=profile-reviews\" target=\"_blank\" rel=\"noopener noreferrer\"> Jameda Bewertungen ansehen&#8230;<\/a><\/strong><\/h4>\n<p>[\/vc_column_text][vc_empty_space height=&#8220;55px&#8220;][\/vc_column][\/vc_row]<\/p>\n","protected":false},"excerpt":{"rendered":"<p>[vc_row][vc_column][trx_columns equal=&#8220;yes&#8220; margins=&#8220;&#8220;][trx_column_item][vc_empty_space height=&#8220;50px&#8220;][vc_single_image image=&#8220;2512&#8243; img_size=&#8220;full&#8220; style=&#8220;vc_box_rounded&#8220;][vc_empty_space height=&#8220;35px&#8220;][\/trx_column_item][trx_column_item][trx_title type=&#8220;3&#8243; top=&#8220;null&#8220; bottom=&#8220;null&#8220;] Willkommen in unserer Zahnarztpraxis in Hirschaid \/ Sassanfahrt [\/trx_title][vc_column_text]Zahnarzt\u00a0Dr. med. dent. Steffen Pfleger und\u00a0Zahn\u00e4rztin Babette Frenzel sowie das freundliche&hellip;<\/p>\n","protected":false},"author":1,"featured_media":0,"parent":0,"menu_order":0,"comment_status":"closed","ping_status":"closed","template":"","meta":{"footnotes":""},"class_list":["post-15","page","type-page","status-publish","hentry"],"_links":{"self":[{"href":"https:\/\/www.zahnarzt-pfleger.de\/wp-zahnarzt\/wp2026\/wp-json\/wp\/v2\/pages\/15","targetHints":{"allow":["GET"]}}],"collection":[{"href":"https:\/\/www.zahnarzt-pfleger.de\/wp-zahnarzt\/wp2026\/wp-json\/wp\/v2\/pages"}],"about":[{"href":"https:\/\/www.zahnarzt-pfleger.de\/wp-zahnarzt\/wp2026\/wp-json\/wp\/v2\/types\/page"}],"author":[{"embeddable":true,"href":"https:\/\/www.zahnarzt-pfleger.de\/wp-zahnarzt\/wp2026\/wp-json\/wp\/v2\/users\/1"}],"replies":[{"embeddable":true,"href":"https:\/\/www.zahnarzt-pfleger.de\/wp-zahnarzt\/wp2026\/wp-json\/wp\/v2\/comments?post=15"}],"version-history":[{"count":107,"href":"https:\/\/www.zahnarzt-pfleger.de\/wp-zahnarzt\/wp2026\/wp-json\/wp\/v2\/pages\/15\/revisions"}],"predecessor-version":[{"id":2607,"href":"https:\/\/www.zahnarzt-pfleger.de\/wp-zahnarzt\/wp2026\/wp-json\/wp\/v2\/pages\/15\/revisions\/2607"}],"wp:attachment":[{"href":"https:\/\/www.zahnarzt-pfleger.de\/wp-zahnarzt\/wp2026\/wp-json\/wp\/v2\/media?parent=15"}],"curies":[{"name":"wp","href":"https:\/\/api.w.org\/{rel}","templated":true}]}}